{"version":"1.0","provider_name":"O&#039;Higgins","provider_url":"https:\/\/dev.explora.cl\/ohiggins","title":"Con marcha ecol\u00f3gica celebrar\u00e1n D\u00eda de la Tierra - O&#039;Higgins","type":"rich","width":600,"height":338,"html":"<blockquote class=\"wp-embedded-content\" data-secret=\"meV1HzFTKm\"><a href=\"https:\/\/dev.explora.cl\/ohiggins\/dia-tierra\/\">Con marcha ecol\u00f3gica celebrar\u00e1n D\u00eda de la Tierra<\/a><\/blockquote><iframe sandbox=\"allow-scripts\" security=\"restricted\" src=\"https:\/\/dev.explora.cl\/ohiggins\/dia-tierra\/embed\/#?secret=meV1HzFTKm\" width=\"600\" height=\"338\" title=\"&#8220;Con marcha ecol\u00f3gica celebrar\u00e1n D\u00eda de la Tierra&#8221; &#8212; O&#039;Higgins\" data-secret=\"meV1HzFTKm\" frameborder=\"0\" marginwidth=\"0\" marginheight=\"0\" scrolling=\"no\" class=\"wp-embedded-content\"><\/iframe><script>\n\/*! This file is auto-generated *\/\n!function(d,l){\"use strict\";l.querySelector&&d.addEventListener&&\"undefined\"!=typeof URL&&(d.wp=d.wp||{},d.wp.receiveEmbedMessage||(d.wp.receiveEmbedMessage=function(e){var t=e.data;if((t||t.secret||t.message||t.value)&&!\/[^a-zA-Z0-9]\/.test(t.secret)){for(var s,r,n,a=l.querySelectorAll('iframe[data-secret=\"'+t.secret+'\"]'),o=l.querySelectorAll('blockquote[data-secret=\"'+t.secret+'\"]'),c=new RegExp(\"^https?:$\",\"i\"),i=0;i<o.length;i++)o[i].style.display=\"none\";for(i=0;i<a.length;i++)s=a[i],e.source===s.contentWindow&&(s.removeAttribute(\"style\"),\"height\"===t.message?(1e3<(r=parseInt(t.value,10))?r=1e3:~~r<200&&(r=200),s.height=r):\"link\"===t.message&&(r=new URL(s.getAttribute(\"src\")),n=new URL(t.value),c.test(n.protocol))&&n.host===r.host&&l.activeElement===s&&(d.top.location.href=t.value))}},d.addEventListener(\"message\",d.wp.receiveEmbedMessage,!1),l.addEventListener(\"DOMContentLoaded\",function(){for(var e,t,s=l.querySelectorAll(\"iframe.wp-embedded-content\"),r=0;r<s.length;r++)(t=(e=s[r]).getAttribute(\"data-secret\"))||(t=Math.random().toString(36).substring(2,12),e.src+=\"#?secret=\"+t,e.setAttribute(\"data-secret\",t)),e.contentWindow.postMessage({message:\"ready\",secret:t},\"*\")},!1)))}(window,document);\n\/\/# sourceURL=https:\/\/dev.explora.cl\/ohiggins\/wp-includes\/js\/wp-embed.min.js\n<\/script>\n","thumbnail_url":"https:\/\/dev.explora.cl\/ohiggins\/wp-content\/uploads\/sites\/8\/2018\/06\/1c37ac47e3b55f294eb0f00c48a590df.jpg","thumbnail_width":1000,"thumbnail_height":667,"description":"Al igual que todos los a\u00f1os el Colegio San Fernando College celebrar\u00e1 el d\u00eda de la Tierra este 22 de abril, en la capital de Colchagua. En una jornada, que seg\u00fan comentaron sus organizadores, tiene por objetivo generar conciencia entre la comunidad escolar y general. Una de las actividades m\u00e1s esperadas, es la que realizar\u00e1n [&hellip;]"}

Con marcha ecológica celebrarán Día de la Tierra - O&#039;Higgins

<blockquote class="wp-embedded-content" data-secret="meV1HzFTKm"><a href="https://dev.explora.cl/ohiggins/dia-tierra/">Con marcha ecológica celebrarán Día de la Tierra</a></blockquote><iframe sandbox="allow-scripts" security="restricted" src="https://dev.explora.cl/ohiggins/dia-tierra/embed/#?secret=meV1HzFTKm" width="600" height="338" title="&#8220;Con marcha ecológica celebrarán Día de la Tierra&#8221; &#8212; O&#039;Higgins" data-secret="meV1HzFTKm" frameborder="0" marginwidth="0" marginheight="0" scrolling="no" class="wp-embedded-content"></iframe><script>
/*! This file is auto-generated */
!function(d,l){"use strict";l.querySelector&&d.addEventListener&&"undefined"!=typeof URL&&(d.wp=d.wp||{},d.wp.receiveEmbedMessage||(d.wp.receiveEmbedMessage=function(e){var t=e.data;if((t||t.secret||t.message||t.value)&&!/[^a-zA-Z0-9]/.test(t.secret)){for(var s,r,n,a=l.querySelectorAll('iframe[data-secret="'+t.secret+'"]'),o=l.querySelectorAll('blockquote[data-secret="'+t.secret+'"]'),c=new RegExp("^https?:$","i"),i=0;i<o.length;i++)o[i].style.display="none";for(i=0;i<a.length;i++)s=a[i],e.source===s.contentWindow&&(s.removeAttribute("style"),"height"===t.message?(1e3<(r=parseInt(t.value,10))?r=1e3:~~r<200&&(r=200),s.height=r):"link"===t.message&&(r=new URL(s.getAttribute("src")),n=new URL(t.value),c.test(n.protocol))&&n.host===r.host&&l.activeElement===s&&(d.top.location.href=t.value))}},d.addEventListener("message",d.wp.receiveEmbedMessage,!1),l.addEventListener("DOMContentLoaded",function(){for(var e,t,s=l.querySelectorAll("iframe.wp-embedded-content"),r=0;r<s.length;r++)(t=(e=s[r]).getAttribute("data-secret"))||(t=Math.random().toString(36).substring(2,12),e.src+="#?secret="+t,e.setAttribute("data-secret",t)),e.contentWindow.postMessage({message:"ready",secret:t},"*")},!1)))}(window,document);
//# sourceURL=https://dev.explora.cl/ohiggins/wp-includes/js/wp-embed.min.js
</script>

Al igual que todos los años el Colegio San Fernando College celebrará el día de la Tierra este 22 de abril, en la capital de Colchagua. En una jornada, que según comentaron sus organizadores, tiene por objetivo generar conciencia entre la comunidad escolar y general. Una de las actividades más esperadas, es la que realizarán [&hellip;]
