{"version":"1.0","provider_name":"\u00d1uble","provider_url":"https:\/\/dev.explora.cl\/nuble","title":"Exitoso cierre de convocatoria de PIPE 2023 - \u00d1uble","type":"rich","width":600,"height":338,"html":"<blockquote class=\"wp-embedded-content\" data-secret=\"UrKW8Kl7Jr\"><a href=\"https:\/\/dev.explora.cl\/nuble\/exitoso-cierre-de-convocatoria-de-pipe-2023\/\">Exitoso cierre de convocatoria de PIPE 2023<\/a><\/blockquote><iframe sandbox=\"allow-scripts\" security=\"restricted\" src=\"https:\/\/dev.explora.cl\/nuble\/exitoso-cierre-de-convocatoria-de-pipe-2023\/embed\/#?secret=UrKW8Kl7Jr\" width=\"600\" height=\"338\" title=\"&#8220;Exitoso cierre de convocatoria de PIPE 2023&#8221; &#8212; \u00d1uble\" data-secret=\"UrKW8Kl7Jr\" frameborder=\"0\" marginwidth=\"0\" marginheight=\"0\" scrolling=\"no\" class=\"wp-embedded-content\"><\/iframe><script>\n\/*! This file is auto-generated *\/\n!function(d,l){\"use strict\";l.querySelector&&d.addEventListener&&\"undefined\"!=typeof URL&&(d.wp=d.wp||{},d.wp.receiveEmbedMessage||(d.wp.receiveEmbedMessage=function(e){var t=e.data;if((t||t.secret||t.message||t.value)&&!\/[^a-zA-Z0-9]\/.test(t.secret)){for(var s,r,n,a=l.querySelectorAll('iframe[data-secret=\"'+t.secret+'\"]'),o=l.querySelectorAll('blockquote[data-secret=\"'+t.secret+'\"]'),c=new RegExp(\"^https?:$\",\"i\"),i=0;i<o.length;i++)o[i].style.display=\"none\";for(i=0;i<a.length;i++)s=a[i],e.source===s.contentWindow&&(s.removeAttribute(\"style\"),\"height\"===t.message?(1e3<(r=parseInt(t.value,10))?r=1e3:~~r<200&&(r=200),s.height=r):\"link\"===t.message&&(r=new URL(s.getAttribute(\"src\")),n=new URL(t.value),c.test(n.protocol))&&n.host===r.host&&l.activeElement===s&&(d.top.location.href=t.value))}},d.addEventListener(\"message\",d.wp.receiveEmbedMessage,!1),l.addEventListener(\"DOMContentLoaded\",function(){for(var e,t,s=l.querySelectorAll(\"iframe.wp-embedded-content\"),r=0;r<s.length;r++)(t=(e=s[r]).getAttribute(\"data-secret\"))||(t=Math.random().toString(36).substring(2,12),e.src+=\"#?secret=\"+t,e.setAttribute(\"data-secret\",t)),e.contentWindow.postMessage({message:\"ready\",secret:t},\"*\")},!1)))}(window,document);\n\/\/# sourceURL=https:\/\/dev.explora.cl\/nuble\/wp-includes\/js\/wp-embed.min.js\n<\/script>\n","thumbnail_url":"https:\/\/dev.explora.cl\/nuble\/wp-content\/uploads\/sites\/10\/2023\/07\/web-1.jpg","thumbnail_width":3539,"thumbnail_height":2335,"description":"Por un mes y una semana estuvo abierta la convocatoria para participar de las diferentes actividades formativas que contempla el Programa de Indagaci\u00f3n en Primeras Edades, que es parte de las iniciativas que desarrolla el Proyecto Asociativo Regional de la regi\u00f3n de \u00d1uble, y que\u00a0 hoy (19 de julio a las 17 hrs) se dio [&hellip;]"}

Ñuble

Exitoso cierre de convocatoria de PIPE 2023 - Ñuble

<blockquote class="wp-embedded-content" data-secret="UrKW8Kl7Jr"><a href="https://dev.explora.cl/nuble/exitoso-cierre-de-convocatoria-de-pipe-2023/">Exitoso cierre de convocatoria de PIPE 2023</a></blockquote><iframe sandbox="allow-scripts" security="restricted" src="https://dev.explora.cl/nuble/exitoso-cierre-de-convocatoria-de-pipe-2023/embed/#?secret=UrKW8Kl7Jr" width="600" height="338" title="&#8220;Exitoso cierre de convocatoria de PIPE 2023&#8221; &#8212; Ñuble" data-secret="UrKW8Kl7Jr" frameborder="0" marginwidth="0" marginheight="0" scrolling="no" class="wp-embedded-content"></iframe><script>
/*! This file is auto-generated */
!function(d,l){"use strict";l.querySelector&&d.addEventListener&&"undefined"!=typeof URL&&(d.wp=d.wp||{},d.wp.receiveEmbedMessage||(d.wp.receiveEmbedMessage=function(e){var t=e.data;if((t||t.secret||t.message||t.value)&&!/[^a-zA-Z0-9]/.test(t.secret)){for(var s,r,n,a=l.querySelectorAll('iframe[data-secret="'+t.secret+'"]'),o=l.querySelectorAll('blockquote[data-secret="'+t.secret+'"]'),c=new RegExp("^https?:$","i"),i=0;i<o.length;i++)o[i].style.display="none";for(i=0;i<a.length;i++)s=a[i],e.source===s.contentWindow&&(s.removeAttribute("style"),"height"===t.message?(1e3<(r=parseInt(t.value,10))?r=1e3:~~r<200&&(r=200),s.height=r):"link"===t.message&&(r=new URL(s.getAttribute("src")),n=new URL(t.value),c.test(n.protocol))&&n.host===r.host&&l.activeElement===s&&(d.top.location.href=t.value))}},d.addEventListener("message",d.wp.receiveEmbedMessage,!1),l.addEventListener("DOMContentLoaded",function(){for(var e,t,s=l.querySelectorAll("iframe.wp-embedded-content"),r=0;r<s.length;r++)(t=(e=s[r]).getAttribute("data-secret"))||(t=Math.random().toString(36).substring(2,12),e.src+="#?secret="+t,e.setAttribute("data-secret",t)),e.contentWindow.postMessage({message:"ready",secret:t},"*")},!1)))}(window,document);
//# sourceURL=https://dev.explora.cl/nuble/wp-includes/js/wp-embed.min.js
</script>

Por un mes y una semana estuvo abierta la convocatoria para participar de las diferentes actividades formativas que contempla el Programa de Indagación en Primeras Edades, que es parte de las iniciativas que desarrolla el Proyecto Asociativo Regional de la región de Ñuble, y que  hoy (19 de julio a las 17 hrs) se dio [&hellip;]
