{"version":"1.0","provider_name":"Aysen","provider_url":"https:\/\/dev.explora.cl\/aysen","title":"Se inaugur\u00f3 VII Feria Escolar EXPLORAMA - Aysen","type":"rich","width":600,"height":338,"html":"<blockquote class=\"wp-embedded-content\" data-secret=\"QnKGcn0Tlu\"><a href=\"https:\/\/dev.explora.cl\/aysen\/se-inauguro-vii-feria-escolar-explorama\/\">Se inaugur\u00f3 VII Feria Escolar EXPLORAMA<\/a><\/blockquote><iframe sandbox=\"allow-scripts\" security=\"restricted\" src=\"https:\/\/dev.explora.cl\/aysen\/se-inauguro-vii-feria-escolar-explorama\/embed\/#?secret=QnKGcn0Tlu\" width=\"600\" height=\"338\" title=\"&#8220;Se inaugur\u00f3 VII Feria Escolar EXPLORAMA&#8221; &#8212; Aysen\" data-secret=\"QnKGcn0Tlu\" frameborder=\"0\" marginwidth=\"0\" marginheight=\"0\" scrolling=\"no\" class=\"wp-embedded-content\"><\/iframe><script>\n\/*! This file is auto-generated *\/\n!function(d,l){\"use strict\";l.querySelector&&d.addEventListener&&\"undefined\"!=typeof URL&&(d.wp=d.wp||{},d.wp.receiveEmbedMessage||(d.wp.receiveEmbedMessage=function(e){var t=e.data;if((t||t.secret||t.message||t.value)&&!\/[^a-zA-Z0-9]\/.test(t.secret)){for(var s,r,n,a=l.querySelectorAll('iframe[data-secret=\"'+t.secret+'\"]'),o=l.querySelectorAll('blockquote[data-secret=\"'+t.secret+'\"]'),c=new RegExp(\"^https?:$\",\"i\"),i=0;i<o.length;i++)o[i].style.display=\"none\";for(i=0;i<a.length;i++)s=a[i],e.source===s.contentWindow&&(s.removeAttribute(\"style\"),\"height\"===t.message?(1e3<(r=parseInt(t.value,10))?r=1e3:~~r<200&&(r=200),s.height=r):\"link\"===t.message&&(r=new URL(s.getAttribute(\"src\")),n=new URL(t.value),c.test(n.protocol))&&n.host===r.host&&l.activeElement===s&&(d.top.location.href=t.value))}},d.addEventListener(\"message\",d.wp.receiveEmbedMessage,!1),l.addEventListener(\"DOMContentLoaded\",function(){for(var e,t,s=l.querySelectorAll(\"iframe.wp-embedded-content\"),r=0;r<s.length;r++)(t=(e=s[r]).getAttribute(\"data-secret\"))||(t=Math.random().toString(36).substring(2,12),e.src+=\"#?secret=\"+t,e.setAttribute(\"data-secret\",t)),e.contentWindow.postMessage({message:\"ready\",secret:t},\"*\")},!1)))}(window,document);\n\/\/# sourceURL=https:\/\/dev.explora.cl\/aysen\/wp-includes\/js\/wp-embed.min.js\n<\/script>\n","thumbnail_url":"https:\/\/dev.explora.cl\/aysen\/wp-content\/uploads\/sites\/18\/2018\/06\/88db7844af2ce90dd73b32850051e7fc.jpg","thumbnail_width":1920,"thumbnail_height":1280,"description":"Este evento cient\u00edfico y tecnol\u00f3gico comprende la realizaci\u00f3n del IX Congreso Escolar de Ciencia y Tecnolog\u00eda EXPLORA y la XIII versi\u00f3n de Expo Forjadores de la Seremi de Medio Ambiente. El PAR EXPLORA Regi\u00f3n de Ays\u00e9n, ejecutado por el Campus Patagonia de la Universidad Austral de Chile con la colaboraci\u00f3n del Centro de Investigaci\u00f3n en [&hellip;]"}

Se inauguró VII Feria Escolar EXPLORAMA - Aysen

<blockquote class="wp-embedded-content" data-secret="QnKGcn0Tlu"><a href="https://dev.explora.cl/aysen/se-inauguro-vii-feria-escolar-explorama/">Se inauguró VII Feria Escolar EXPLORAMA</a></blockquote><iframe sandbox="allow-scripts" security="restricted" src="https://dev.explora.cl/aysen/se-inauguro-vii-feria-escolar-explorama/embed/#?secret=QnKGcn0Tlu" width="600" height="338" title="&#8220;Se inauguró VII Feria Escolar EXPLORAMA&#8221; &#8212; Aysen" data-secret="QnKGcn0Tlu" frameborder="0" marginwidth="0" marginheight="0" scrolling="no" class="wp-embedded-content"></iframe><script>
/*! This file is auto-generated */
!function(d,l){"use strict";l.querySelector&&d.addEventListener&&"undefined"!=typeof URL&&(d.wp=d.wp||{},d.wp.receiveEmbedMessage||(d.wp.receiveEmbedMessage=function(e){var t=e.data;if((t||t.secret||t.message||t.value)&&!/[^a-zA-Z0-9]/.test(t.secret)){for(var s,r,n,a=l.querySelectorAll('iframe[data-secret="'+t.secret+'"]'),o=l.querySelectorAll('blockquote[data-secret="'+t.secret+'"]'),c=new RegExp("^https?:$","i"),i=0;i<o.length;i++)o[i].style.display="none";for(i=0;i<a.length;i++)s=a[i],e.source===s.contentWindow&&(s.removeAttribute("style"),"height"===t.message?(1e3<(r=parseInt(t.value,10))?r=1e3:~~r<200&&(r=200),s.height=r):"link"===t.message&&(r=new URL(s.getAttribute("src")),n=new URL(t.value),c.test(n.protocol))&&n.host===r.host&&l.activeElement===s&&(d.top.location.href=t.value))}},d.addEventListener("message",d.wp.receiveEmbedMessage,!1),l.addEventListener("DOMContentLoaded",function(){for(var e,t,s=l.querySelectorAll("iframe.wp-embedded-content"),r=0;r<s.length;r++)(t=(e=s[r]).getAttribute("data-secret"))||(t=Math.random().toString(36).substring(2,12),e.src+="#?secret="+t,e.setAttribute("data-secret",t)),e.contentWindow.postMessage({message:"ready",secret:t},"*")},!1)))}(window,document);
//# sourceURL=https://dev.explora.cl/aysen/wp-includes/js/wp-embed.min.js
</script>

Este evento científico y tecnológico comprende la realización del IX Congreso Escolar de Ciencia y Tecnología EXPLORA y la XIII versión de Expo Forjadores de la Seremi de Medio Ambiente. El PAR EXPLORA Región de Aysén, ejecutado por el Campus Patagonia de la Universidad Austral de Chile con la colaboración del Centro de Investigación en [&hellip;]
