{"version":"1.0","provider_name":"Arica y Parinacota","provider_url":"https:\/\/dev.explora.cl\/aricayparinacota","title":"Una realidad efectivamente aumentada - Arica y Parinacota","type":"rich","width":600,"height":338,"html":"<blockquote class=\"wp-embedded-content\" data-secret=\"9djEY4nxXW\"><a href=\"https:\/\/dev.explora.cl\/aricayparinacota\/una-realidad-efectivamente-aumentada\/\">Una realidad efectivamente aumentada<\/a><\/blockquote><iframe sandbox=\"allow-scripts\" security=\"restricted\" src=\"https:\/\/dev.explora.cl\/aricayparinacota\/una-realidad-efectivamente-aumentada\/embed\/#?secret=9djEY4nxXW\" width=\"600\" height=\"338\" title=\"&#8220;Una realidad efectivamente aumentada&#8221; &#8212; Arica y Parinacota\" data-secret=\"9djEY4nxXW\" frameborder=\"0\" marginwidth=\"0\" marginheight=\"0\" scrolling=\"no\" class=\"wp-embedded-content\"><\/iframe><script>\n\/*! This file is auto-generated *\/\n!function(d,l){\"use strict\";l.querySelector&&d.addEventListener&&\"undefined\"!=typeof URL&&(d.wp=d.wp||{},d.wp.receiveEmbedMessage||(d.wp.receiveEmbedMessage=function(e){var t=e.data;if((t||t.secret||t.message||t.value)&&!\/[^a-zA-Z0-9]\/.test(t.secret)){for(var s,r,n,a=l.querySelectorAll('iframe[data-secret=\"'+t.secret+'\"]'),o=l.querySelectorAll('blockquote[data-secret=\"'+t.secret+'\"]'),c=new RegExp(\"^https?:$\",\"i\"),i=0;i<o.length;i++)o[i].style.display=\"none\";for(i=0;i<a.length;i++)s=a[i],e.source===s.contentWindow&&(s.removeAttribute(\"style\"),\"height\"===t.message?(1e3<(r=parseInt(t.value,10))?r=1e3:~~r<200&&(r=200),s.height=r):\"link\"===t.message&&(r=new URL(s.getAttribute(\"src\")),n=new URL(t.value),c.test(n.protocol))&&n.host===r.host&&l.activeElement===s&&(d.top.location.href=t.value))}},d.addEventListener(\"message\",d.wp.receiveEmbedMessage,!1),l.addEventListener(\"DOMContentLoaded\",function(){for(var e,t,s=l.querySelectorAll(\"iframe.wp-embedded-content\"),r=0;r<s.length;r++)(t=(e=s[r]).getAttribute(\"data-secret\"))||(t=Math.random().toString(36).substring(2,12),e.src+=\"#?secret=\"+t,e.setAttribute(\"data-secret\",t)),e.contentWindow.postMessage({message:\"ready\",secret:t},\"*\")},!1)))}(window,document);\n\/\/# sourceURL=https:\/\/dev.explora.cl\/aricayparinacota\/wp-includes\/js\/wp-embed.min.js\n<\/script>\n","thumbnail_url":"https:\/\/dev.explora.cl\/aricayparinacota\/wp-content\/uploads\/sites\/2\/2018\/06\/6-Colegio-SM.jpg","thumbnail_width":925,"thumbnail_height":458,"description":"Programa Asociativo Regional Explora particip\u00f3 en Feria Cient\u00edfica \u00a0 En el Colegio San Marcos de Arica, el Programa Asociativo Regional Explora de CONICYT particip\u00f3 con diversas iniciativas desarrolladas por su equipo, siendo visitados por m\u00e1s de 300 alumnos en un intenso mediod\u00eda. \u00a0 Realidad aumentada, drones, impresi\u00f3n en 3D, retratos y videojuegos, fueron las propuestas [&hellip;]"}

Programa Asociativo Regional Explora participó en Feria Científica   En el Colegio San Marcos de Arica, el Programa Asociativo Regional Explora de CONICYT participó con diversas iniciativas desarrolladas por su equipo, siendo visitados por más de 300 alumnos en un intenso mediodía.   Realidad aumentada, drones, impresión en 3D, retratos y videojuegos, fueron las propuestas [&hellip;]
