{"version":"1.0","provider_name":"Arica y Parinacota","provider_url":"https:\/\/dev.explora.cl\/aricayparinacota","title":"LOS CIENT\u00cdFICOS QUE FUERON A LAS AULAS - Arica y Parinacota","type":"rich","width":600,"height":338,"html":"<blockquote class=\"wp-embedded-content\" data-secret=\"NItrQDXzWd\"><a href=\"https:\/\/dev.explora.cl\/aricayparinacota\/los-cientificos-que-fueron-a-las-aulas\/\">LOS CIENT\u00cdFICOS QUE FUERON A LAS AULAS<\/a><\/blockquote><iframe sandbox=\"allow-scripts\" security=\"restricted\" src=\"https:\/\/dev.explora.cl\/aricayparinacota\/los-cientificos-que-fueron-a-las-aulas\/embed\/#?secret=NItrQDXzWd\" width=\"600\" height=\"338\" title=\"&#8220;LOS CIENT\u00cdFICOS QUE FUERON A LAS AULAS&#8221; &#8212; Arica y Parinacota\" data-secret=\"NItrQDXzWd\" frameborder=\"0\" marginwidth=\"0\" marginheight=\"0\" scrolling=\"no\" class=\"wp-embedded-content\"><\/iframe><script>\n\/*! This file is auto-generated *\/\n!function(d,l){\"use strict\";l.querySelector&&d.addEventListener&&\"undefined\"!=typeof URL&&(d.wp=d.wp||{},d.wp.receiveEmbedMessage||(d.wp.receiveEmbedMessage=function(e){var t=e.data;if((t||t.secret||t.message||t.value)&&!\/[^a-zA-Z0-9]\/.test(t.secret)){for(var s,r,n,a=l.querySelectorAll('iframe[data-secret=\"'+t.secret+'\"]'),o=l.querySelectorAll('blockquote[data-secret=\"'+t.secret+'\"]'),c=new RegExp(\"^https?:$\",\"i\"),i=0;i<o.length;i++)o[i].style.display=\"none\";for(i=0;i<a.length;i++)s=a[i],e.source===s.contentWindow&&(s.removeAttribute(\"style\"),\"height\"===t.message?(1e3<(r=parseInt(t.value,10))?r=1e3:~~r<200&&(r=200),s.height=r):\"link\"===t.message&&(r=new URL(s.getAttribute(\"src\")),n=new URL(t.value),c.test(n.protocol))&&n.host===r.host&&l.activeElement===s&&(d.top.location.href=t.value))}},d.addEventListener(\"message\",d.wp.receiveEmbedMessage,!1),l.addEventListener(\"DOMContentLoaded\",function(){for(var e,t,s=l.querySelectorAll(\"iframe.wp-embedded-content\"),r=0;r<s.length;r++)(t=(e=s[r]).getAttribute(\"data-secret\"))||(t=Math.random().toString(36).substring(2,12),e.src+=\"#?secret=\"+t,e.setAttribute(\"data-secret\",t)),e.contentWindow.postMessage({message:\"ready\",secret:t},\"*\")},!1)))}(window,document);\n\/\/# sourceURL=https:\/\/dev.explora.cl\/aricayparinacota\/wp-includes\/js\/wp-embed.min.js\n<\/script>\n","thumbnail_url":"https:\/\/dev.explora.cl\/aricayparinacota\/wp-content\/uploads\/sites\/2\/2018\/06\/portada1000c1000a.jpg","thumbnail_width":222,"thumbnail_height":110,"description":"Veintitr\u00e9s cient\u00edficos participaron el a\u00f1o 2016, dictando 52 charlas en 36 establecimientos educacionales de la regi\u00f3n, con 1.800 alumnos beneficiados. Todo esto en el contexto de la actividad denominada \u201cMil cient\u00edficos, mil aulas\u201d, del Programa Asociativo Regional, PAR Explora de Conicyt Arica y Parinacota. \u00a0 Cuando Ana Cabanas, licenciada en f\u00edsica, empez\u00f3 a mostrarles a [&hellip;]"}

LOS CIENTÍFICOS QUE FUERON A LAS AULAS - Arica y Parinacota

<blockquote class="wp-embedded-content" data-secret="NItrQDXzWd"><a href="https://dev.explora.cl/aricayparinacota/los-cientificos-que-fueron-a-las-aulas/">LOS CIENTÍFICOS QUE FUERON A LAS AULAS</a></blockquote><iframe sandbox="allow-scripts" security="restricted" src="https://dev.explora.cl/aricayparinacota/los-cientificos-que-fueron-a-las-aulas/embed/#?secret=NItrQDXzWd" width="600" height="338" title="&#8220;LOS CIENTÍFICOS QUE FUERON A LAS AULAS&#8221; &#8212; Arica y Parinacota" data-secret="NItrQDXzWd" frameborder="0" marginwidth="0" marginheight="0" scrolling="no" class="wp-embedded-content"></iframe><script>
/*! This file is auto-generated */
!function(d,l){"use strict";l.querySelector&&d.addEventListener&&"undefined"!=typeof URL&&(d.wp=d.wp||{},d.wp.receiveEmbedMessage||(d.wp.receiveEmbedMessage=function(e){var t=e.data;if((t||t.secret||t.message||t.value)&&!/[^a-zA-Z0-9]/.test(t.secret)){for(var s,r,n,a=l.querySelectorAll('iframe[data-secret="'+t.secret+'"]'),o=l.querySelectorAll('blockquote[data-secret="'+t.secret+'"]'),c=new RegExp("^https?:$","i"),i=0;i<o.length;i++)o[i].style.display="none";for(i=0;i<a.length;i++)s=a[i],e.source===s.contentWindow&&(s.removeAttribute("style"),"height"===t.message?(1e3<(r=parseInt(t.value,10))?r=1e3:~~r<200&&(r=200),s.height=r):"link"===t.message&&(r=new URL(s.getAttribute("src")),n=new URL(t.value),c.test(n.protocol))&&n.host===r.host&&l.activeElement===s&&(d.top.location.href=t.value))}},d.addEventListener("message",d.wp.receiveEmbedMessage,!1),l.addEventListener("DOMContentLoaded",function(){for(var e,t,s=l.querySelectorAll("iframe.wp-embedded-content"),r=0;r<s.length;r++)(t=(e=s[r]).getAttribute("data-secret"))||(t=Math.random().toString(36).substring(2,12),e.src+="#?secret="+t,e.setAttribute("data-secret",t)),e.contentWindow.postMessage({message:"ready",secret:t},"*")},!1)))}(window,document);
//# sourceURL=https://dev.explora.cl/aricayparinacota/wp-includes/js/wp-embed.min.js
</script>

Veintitrés científicos participaron el año 2016, dictando 52 charlas en 36 establecimientos educacionales de la región, con 1.800 alumnos beneficiados. Todo esto en el contexto de la actividad denominada “Mil científicos, mil aulas”, del Programa Asociativo Regional, PAR Explora de Conicyt Arica y Parinacota.   Cuando Ana Cabanas, licenciada en física, empezó a mostrarles a [&hellip;]
