{"version":"1.0","provider_name":"Arica y Parinacota","provider_url":"https:\/\/dev.explora.cl\/aricayparinacota","title":"La ciencia se toma el mes de octubre - Arica y Parinacota","type":"rich","width":600,"height":338,"html":"<blockquote class=\"wp-embedded-content\" data-secret=\"YPUR0ZZDAn\"><a href=\"https:\/\/dev.explora.cl\/aricayparinacota\/la-ciencia-se-toma-el-mes-de-octubre\/\">La ciencia se toma el mes de octubre<\/a><\/blockquote><iframe sandbox=\"allow-scripts\" security=\"restricted\" src=\"https:\/\/dev.explora.cl\/aricayparinacota\/la-ciencia-se-toma-el-mes-de-octubre\/embed\/#?secret=YPUR0ZZDAn\" width=\"600\" height=\"338\" title=\"&#8220;La ciencia se toma el mes de octubre&#8221; &#8212; Arica y Parinacota\" data-secret=\"YPUR0ZZDAn\" frameborder=\"0\" marginwidth=\"0\" marginheight=\"0\" scrolling=\"no\" class=\"wp-embedded-content\"><\/iframe><script>\n\/*! This file is auto-generated *\/\n!function(d,l){\"use strict\";l.querySelector&&d.addEventListener&&\"undefined\"!=typeof URL&&(d.wp=d.wp||{},d.wp.receiveEmbedMessage||(d.wp.receiveEmbedMessage=function(e){var t=e.data;if((t||t.secret||t.message||t.value)&&!\/[^a-zA-Z0-9]\/.test(t.secret)){for(var s,r,n,a=l.querySelectorAll('iframe[data-secret=\"'+t.secret+'\"]'),o=l.querySelectorAll('blockquote[data-secret=\"'+t.secret+'\"]'),c=new RegExp(\"^https?:$\",\"i\"),i=0;i<o.length;i++)o[i].style.display=\"none\";for(i=0;i<a.length;i++)s=a[i],e.source===s.contentWindow&&(s.removeAttribute(\"style\"),\"height\"===t.message?(1e3<(r=parseInt(t.value,10))?r=1e3:~~r<200&&(r=200),s.height=r):\"link\"===t.message&&(r=new URL(s.getAttribute(\"src\")),n=new URL(t.value),c.test(n.protocol))&&n.host===r.host&&l.activeElement===s&&(d.top.location.href=t.value))}},d.addEventListener(\"message\",d.wp.receiveEmbedMessage,!1),l.addEventListener(\"DOMContentLoaded\",function(){for(var e,t,s=l.querySelectorAll(\"iframe.wp-embedded-content\"),r=0;r<s.length;r++)(t=(e=s[r]).getAttribute(\"data-secret\"))||(t=Math.random().toString(36).substring(2,12),e.src+=\"#?secret=\"+t,e.setAttribute(\"data-secret\",t)),e.contentWindow.postMessage({message:\"ready\",secret:t},\"*\")},!1)))}(window,document);\n\/\/# sourceURL=https:\/\/dev.explora.cl\/aricayparinacota\/wp-includes\/js\/wp-embed.min.js\n<\/script>\n","thumbnail_url":"https:\/\/dev.explora.cl\/aricayparinacota\/wp-content\/uploads\/sites\/2\/2018\/06\/Miniatura_Fiesta_de_la_Ciencia.jpg","thumbnail_width":223,"thumbnail_height":147,"description":"Durante una semana, el Proyecto Asociativo Regional Explora de la Universidad de Tarapac\u00e1 efectuar\u00e1 diversas actividades, donde los estudiantes de la regi\u00f3n mostrar\u00e1n sus capacidades para investigar, participando en talleres, muestras interactivas y otras iniciativas preparadas para esta ocasi\u00f3n. El gran t\u00f3tem informativo de la Fiesta de la Ciencia y las dem\u00e1s actividades preparadas para [&hellip;]"}

Durante una semana, el Proyecto Asociativo Regional Explora de la Universidad de Tarapacá efectuará diversas actividades, donde los estudiantes de la región mostrarán sus capacidades para investigar, participando en talleres, muestras interactivas y otras iniciativas preparadas para esta ocasión. El gran tótem informativo de la Fiesta de la Ciencia y las demás actividades preparadas para [&hellip;]
